vide 33096044?
False
Is 130874 a multiple of 874?
False
Is 16 a factor of 434106?
False
Is 237030 a multiple of 31?
False
Is 158 a factor of 9881636?
True
Is 27 a factor of 715122?
True
Is 27566 a multiple of 11?
True
Is 5 a factor of 27375?
True
Does 272 divide 22190785?
False
Does 8 divide 122240?
True
Does 217 divide 97203?
False
Does 10 divide 259205?
False
Does 7 divide 9758536?
False
Is 72 a factor of 10048080?
False
Does 18 divide 33876?
True
Is 482 a factor of 14340946?
True
Does 7 divide 20420?
False
Does 54 divide 1016334?
True
Is 15 a factor of 8848350?
True
Is 5403816 a multiple of 11?
True
Does 52 divide 1976?
True
Does 285 divide 969014?
False
Is 89597 a multiple of 2?
False
Does 217 divide 4508946?
False
Is 285 a factor of 35197?
False
Is 17 a factor of 167688?
True
Is 367 a factor of 1740314?
True
Is 1128722 a multiple of 7?
True
Is 102 a factor of 793356?
True
Is 19 a factor of 1311817?
True
Does 11 divide 10417561?
True
Is 596681 a multiple of 236?
False
Is 1200629 a multiple of 357?
False
Is 461730 a multiple of 14?
False
Is 211314 a multiple of 18?
False
Does 19 divide 1476877?
False
Is 12 a factor of 16704?
True
Does 21 divide 304416?
True
Is 111 a factor of 1381456?
False
Does 142 divide 13998320?
False
Is 265 a factor of 464141?
False
Is 834489 a multiple of 9?
True
Is 388 a factor of 546816?
False
Is 50 a factor of 5710?
False
Is 16 a factor of 989584?
True
Does 32 divide 2189549?
False
Is 776657 a multiple of 35?
False
Is 15166305 a multiple of 15?
True
Is 555 a factor of 1533588?
False
Does 201 divide 673350?
True
Is 3 a factor of 65399?
False
Is 91 a factor of 583310?
True
Is 30 a factor of 3843090?
True
Does 82 divide 524436?
False
Is 59484 a multiple of 517?
False
Is 109 a factor of 320896?
True
Is 324 a factor of 3309021?
False
Is 8700 a multiple of 20?
True
Is 10 a factor of 297631?
False
Does 316 divide 368140?
True
Is 82 a factor of 723806?
False
Is 113 a factor of 993109?
False
Does 26 divide 138268?
True
Is 738 a factor of 5116554?
True
Does 91 divide 65975?
True
Does 180 divide 1228984?
False
Is 80 a factor of 443521?
False
Is 101126 a multiple of 26?
False
Does 178 divide 2901222?
True
Does 5 divide 5798?
False
Is 28621 a multiple of 47?
False
Does 35 divide 2168005?
True
Does 6 divide 22236?
True
Does 4 divide 16861?
False
Is 76 a factor of 835874?
False
Is 36 a factor of 24067512?
True
Is 34 a factor of 42494?
False
Is 18 a factor of 86616?
True
Does 962 divide 1328522?
True
Is 21 a factor of 10440?
False
Is 20 a factor of 3639918?
False
Is 183534 a multiple of 169?
True
Is 177 a factor of 52215?
True
Does 7 divide 830074?
True
Is 116 a factor of 456228?
True
Is 3153537 a multiple of 279?
True
Is 528473 a multiple of 11?
True
Is 13 a factor of 553339?
False
Is 24180 a multiple of 62?
True
Is 2763301 a multiple of 37?
False
Is 220815 a multiple of 63?
True
Is 10460532 a multiple of 12?
True
Does 411 divide 701526?
False
Is 6 a factor of 4734?
True
Does 739 divide 3562719?
True
Is 26740173 a multiple of 8?
False
Is 1438568 a multiple of 14?
False
Is 101 a factor of 471468?
True
Is 204054 a multiple of 30?
False
Is 9 a factor of 861327?
True
Is 765829 a multiple of 347?
True
Is 6 a factor of 3921834?
True
Is 13 a factor of 1034904?
True
Is 307044 a multiple of 15?
False
Is 12 a factor of 7182504?
True
Is 1286 a factor of 12124234?
False
Is 15204 a multiple of 28?
True
Is 34 a factor of 2026366?
True
Does 46 divide 2516200?
True
Is 53 a factor of 26235?
True
Does 1072 divide 2748608?
True
Does 43 divide 216892?
True
Does 23 divide 98831?
True
Is 218456 a multiple of 83?
True
Is 16 a factor of 7045392?
True
Is 642871 a multiple of 441?
False
Is 4865406 a multiple of 741?
True
Is 149436 a multiple of 28?
True
Does 13 divide 677092?
True
Does 18 divide 616666?
False
Is 97 a factor of 887259?
True
Does 8 divide 252432?
True
Does 677 divide 929389?
False
Is 898 a factor of 3969160?
True
Does 302 divide 1024371?
False
Is 8 a factor of 219983?
False
Is 80 a factor of 561280?
True
Is 384 a factor of 28800?
True
Is 59 a factor of 761372?
False
Is 3283704 a multiple of 12?
True
Does 80 divide 250274?
False
Is 307314 a multiple of 18?
True
Does 31 divide 3342953?
False
Is 7 a factor of 174489?
True
Is 4 a factor of 616308?
True
Is 47 a factor of 2999023?
True
Is 139385 a multiple of 41?
False
Is 18110839 a multiple of 820?
False
Does 144 divide 857433?
False
Is 81 a factor of 12999860?
False
Is 1805491 a multiple of 884?
False
Is 428 a factor of 1327228?
True
Is 29362 a multiple of 106?
True
Does 74 divide 394346?
True
Is 505034 a multiple of 753?
False
Is 52 a factor of 101410?
False
Is 3707310 a multiple of 30?
True
Is 3308656 a multiple of 104?
True
Does 44 divide 2980492?
False
Is 1835419 a multiple of 38?
False
Is 1449 a factor of 6377049?
True
Is 2947896 a multiple of 24?
True
Does 746 divide 8372677?
False
Is 2534883 a multiple of 13?
True
Is 23 a factor of 95749?
True
Is 1919 a multiple of 11?
False
Is 2937006 a multiple of 18?
True
Is 19 a factor of 4178024?
True
Does 29 divide 41300?
False
Is 28880 a multiple of 40?
True
Is 149 a factor of 78225?
True
Is 4 a factor of 708885?
False
Is 278726 a multiple of 173?
False
Is 25 a factor of 108575?
True
Is 16 a factor of 444864?
True
Does 120 divide 11335?
False
Is 169 a factor of 347899?
False
Is 67 a factor of 4191051?
True
Is 500008 a multiple of 745?
False
Is 182845 a multiple of 29?
True
Does 644 divide 445950?
False
Does 25 divide 359868?
False
Is 3 a factor of 27247?
False
Is 3561122 a multiple of 225?
False
Is 1123218 a multiple of 18?
True
Does 6 divide 1152?
True
Does 35 divide 775950?
True
Is 62 a factor of 691545?
False
Is 94568 a multiple of 4?
True
Is 1655 a factor of 18467739?
False
Is 182910 a multiple of 35?
True
Does 232 divide 69909?
False
Is 107 a factor of 21277?
False
Does 626 divide 8130864?
False
Is 28381777 a multiple of 79?
True
Does 14 divide 980154?
True
Does 16 divide 388444?
False
Is 213 a factor of 1859427?
False
Does 65 divide 13478076?
False
Does 204 divide 12177780?
True
Does 161 divide 2032464?
True
Is 1109 a factor of 6293052?
False
Is 195794 a multiple of 37?
False
Does 23 divide 214599?
False
Does 108 divide 60237?
False
Is 51657 a multiple of 3?
True
Does 532 divide 204288?
True
Is 67 a factor of 9912717?
True
Does 32 divide 541440?
True
Is 28236 a multiple of 20?
False
Does 1292 divide 93253?
False
Is 339759 a multiple of 764?
False
Is 23 a factor of 4309456?
False
Does 601 divide 1159329?
True
Is 15 a factor of 1868118?
False
Is 174 a factor of 10897272?
True
Is 33 a factor of 4366494?
True
Does 118 divide 4094280?
False
Is 1583 a factor of 9412687?
False
Is 2537230 a multiple of 84?
False
Is 287 a factor of 3451531?
False
Is 91 a factor of 25205726?
True
Is 11 a factor of 260676?
False
Is 436020 a multiple of 87?
False
Does 99 divide 799739?
False
Is 214711 a multiple of 13?
False
Is 117232 a multiple of 192?
False
Is 14 a factor of 498512?
True
Is 48600 a multiple of 45?
True
Is 114 a factor of 58698?
False
Is 40101 a multiple of 105?
False
Is 1137602 a multiple of 74?
True
Is 231579 a multiple of 9?
True
Is 127571 a multiple of 64?
False
Does 41 divide 430254?
True
Is 894976 a multiple of 437?
True
Is 11722 a multiple of 6?
False
Does 48 divide 1172304?
True
Is 64 a factor of 20224?
True
Does 19 divide 23955314?
True
Does 41 divide 282818?
True
Is 1050 a factor of 5853592?
False
Is 109215 a multiple of 15?
True
Is 44826 a multiple of 23?
False
Is 154340 a multiple of 5?
True
Does 80 divide 444480?
True
Is 69 a factor of 622725?
True
Is 3694242 a multiple of 1038?
True
Is 636008 a multiple of 4?
True
Does 387 divide 51858?
True
Is 266018 a multiple of 9?
False
Is 94 a factor of 10998?
True
Is 63056 a multiple of 34?
False
Is 8 a factor of 21525?
False
Is 4 a factor of 61985?
False
Is 15205398 a multiple of 13?
True
Is 19 a factor of 4610776?
False
Does 1610 divide 6062873?
False
Is 344176 a multiple of 196?
True
Is 121 a factor of 4070059?
False
Is 16598896 a multiple of 61?
False
Is 1579016 a multiple of 31?
True
Is 513 a factor of 25745777?
False
Is 4 a factor of 108104?
True
Is 8564603 a multiple of 10?
False
Does 4 divide 5096?
True
Does 49 divide 823594?
False
Does 265 divide 770885?
True
Is 29 a factor of 406467?
